{"id":423,"date":"2026-03-16T15:56:42","date_gmt":"2026-03-16T14:56:42","guid":{"rendered":"https:\/\/melissaleite.fr\/?post_type=product&#038;p=423"},"modified":"2026-03-30T15:18:19","modified_gmt":"2026-03-30T13:18:19","slug":"fresque","status":"publish","type":"product","link":"https:\/\/melissaleite.fr\/?product=fresque","title":{"rendered":"Fresque"},"content":{"rendered":"<p data-start=\"667\" data-end=\"724\"><span class=\"BZ_Pyq_fadeIn\">Fresque <\/span><span class=\"BZ_Pyq_fadeIn\">sur <\/span><span class=\"BZ_Pyq_fadeIn\">mesure \u2013 <\/span><span class=\"BZ_Pyq_fadeIn\">une <\/span><span class=\"BZ_Pyq_fadeIn\">\u0153uvre <\/span><span class=\"BZ_Pyq_fadeIn\">unique <\/span><span class=\"BZ_Pyq_fadeIn\">pour <\/span><span class=\"BZ_Pyq_fadeIn\">votre <\/span><span class=\"BZ_Pyq_fadeIn\">lieu.<\/span><\/p>\n<p data-start=\"726\" data-end=\"1006\"><span class=\"BZ_Pyq_fadeIn\">Je <\/span><span class=\"BZ_Pyq_fadeIn\">propose <\/span><span class=\"BZ_Pyq_fadeIn\">la <\/span><span class=\"BZ_Pyq_fadeIn\">cr\u00e9ation <\/span><span class=\"BZ_Pyq_fadeIn\">de <\/span><span class=\"BZ_Pyq_fadeIn\">fresques <\/span><span class=\"BZ_Pyq_fadeIn\">artistiques <\/span><span class=\"BZ_Pyq_fadeIn\">personnalis\u00e9es<\/span><span class=\"BZ_Pyq_fadeIn\">, <\/span><span class=\"BZ_Pyq_fadeIn\">pens\u00e9es <\/span><span class=\"BZ_Pyq_fadeIn\">sp\u00e9cialement <\/span><span class=\"BZ_Pyq_fadeIn\">pour <\/span><span class=\"BZ_Pyq_fadeIn\">sublimer <\/span><span class=\"BZ_Pyq_fadeIn\">les <\/span><span class=\"BZ_Pyq_fadeIn\">espaces <\/span><span class=\"BZ_Pyq_fadeIn\">de <\/span><span class=\"BZ_Pyq_fadeIn\">restaurants, <\/span><span class=\"BZ_Pyq_fadeIn\">caf\u00e9s, <\/span><span class=\"BZ_Pyq_fadeIn\">boutiques <\/span><span class=\"BZ_Pyq_fadeIn\">ou <\/span><span class=\"BZ_Pyq_fadeIn\">lieux <\/span><span class=\"BZ_Pyq_fadeIn\">de <\/span><span class=\"BZ_Pyq_fadeIn\">vie. <\/span><span class=\"BZ_Pyq_fadeIn\">Chaque <\/span><span class=\"BZ_Pyq_fadeIn\">fresque <\/span><span class=\"BZ_Pyq_fadeIn\">est <\/span><span class=\"BZ_Pyq_fadeIn\">con\u00e7ue <\/span><span class=\"BZ_Pyq_fadeIn\">comme <\/span><span class=\"BZ_Pyq_fadeIn\">une <\/span><span class=\"BZ_Pyq_fadeIn\">pi\u00e8ce <\/span><span class=\"BZ_Pyq_fadeIn\">unique, <\/span><span class=\"BZ_Pyq_fadeIn\">en <\/span><span class=\"BZ_Pyq_fadeIn\">dialogue <\/span><span class=\"BZ_Pyq_fadeIn\">avec <\/span><span class=\"BZ_Pyq_fadeIn\">l\u2019identit\u00e9 <\/span><span class=\"BZ_Pyq_fadeIn\">du <\/span><span class=\"BZ_Pyq_fadeIn\">lieu, <\/span><span class=\"BZ_Pyq_fadeIn\">son <\/span><span class=\"BZ_Pyq_fadeIn\">ambiance <\/span><span class=\"BZ_Pyq_fadeIn\">et <\/span><span class=\"BZ_Pyq_fadeIn\">son <\/span><span class=\"BZ_Pyq_fadeIn\">histoire.<\/span><\/p>\n<p data-start=\"1008\" data-end=\"1065\"><span class=\"BZ_Pyq_fadeIn\">Le <\/span><span class=\"BZ_Pyq_fadeIn\">processus <\/span><span class=\"BZ_Pyq_fadeIn\">de <\/span><span class=\"BZ_Pyq_fadeIn\">cr\u00e9ation <\/span><span class=\"BZ_Pyq_fadeIn\">se <\/span><span class=\"BZ_Pyq_fadeIn\">d\u00e9roule <\/span><span class=\"BZ_Pyq_fadeIn\">en <\/span><span class=\"BZ_Pyq_fadeIn\">plusieurs <\/span><span class=\"BZ_Pyq_fadeIn\">\u00e9tapes :<\/span><\/p>\n<p data-start=\"1067\" data-end=\"1290\"><strong><span class=\"BZ_Pyq_fadeIn\">1. <\/span><span class=\"BZ_Pyq_fadeIn\">Prise <\/span><span class=\"BZ_Pyq_fadeIn\">de <\/span><span class=\"BZ_Pyq_fadeIn\">brief<\/span><\/strong><br data-start=\"1088\" data-end=\"1091\" \/><span class=\"BZ_Pyq_fadeIn\">Apres r\u00e9ception de votre demande via le formulaire de contact ci-dessous, nous <\/span><span class=\"BZ_Pyq_fadeIn\">\u00e9changeons <\/span><span class=\"BZ_Pyq_fadeIn\">autour <\/span><span class=\"BZ_Pyq_fadeIn\">de <\/span><span class=\"BZ_Pyq_fadeIn\">votre <\/span><span class=\"BZ_Pyq_fadeIn\">projet, <\/span><span class=\"BZ_Pyq_fadeIn\">de <\/span><span class=\"BZ_Pyq_fadeIn\">votre <\/span><span class=\"BZ_Pyq_fadeIn\">univers <\/span><span class=\"BZ_Pyq_fadeIn\">visuel, <\/span><span class=\"BZ_Pyq_fadeIn\">de <\/span><span class=\"BZ_Pyq_fadeIn\">l\u2019atmosph\u00e8re <\/span><span class=\"BZ_Pyq_fadeIn\">souhait\u00e9e <\/span><span class=\"BZ_Pyq_fadeIn\">et <\/span><span class=\"BZ_Pyq_fadeIn\">du <\/span><span class=\"BZ_Pyq_fadeIn\">support <\/span><span class=\"BZ_Pyq_fadeIn\">\u00e0 <\/span><span class=\"BZ_Pyq_fadeIn\">peindre. <\/span><span class=\"BZ_Pyq_fadeIn\">Cette <\/span><span class=\"BZ_Pyq_fadeIn\">\u00e9tape <\/span><span class=\"BZ_Pyq_fadeIn\">permet <\/span><span class=\"BZ_Pyq_fadeIn\">de <\/span><span class=\"BZ_Pyq_fadeIn\">d\u00e9finir <\/span><span class=\"BZ_Pyq_fadeIn\">l\u2019intention <\/span><span class=\"BZ_Pyq_fadeIn\">artistique <\/span><span class=\"BZ_Pyq_fadeIn\">et <\/span><span class=\"BZ_Pyq_fadeIn\">les <\/span><span class=\"BZ_Pyq_fadeIn\">contraintes <\/span><span class=\"BZ_Pyq_fadeIn\">techniques.<br \/>\nSi vous avez un budget pr\u00e9cis, n\u2019h\u00e9sitez pas \u00e0 me le partager : je m\u2019adapte toujours quand c\u2019est possible.<br \/>\nAfin de r\u00e9server votre projet dans mon planning, un acompte de 40% est demand\u00e9 au moment de la validation du devis. Le solde est \u00e0 r\u00e9gler avant la livraison finale.<\/span><\/p>\n<p>&nbsp;<\/p>\n<p data-start=\"1292\" data-end=\"1506\"><strong><span class=\"BZ_Pyq_fadeIn\">2. <\/span><span class=\"BZ_Pyq_fadeIn\">Proposition <\/span><span class=\"BZ_Pyq_fadeIn\">de <\/span><span class=\"BZ_Pyq_fadeIn\">croquis<\/span><\/strong><br data-start=\"1321\" data-end=\"1324\" \/><span class=\"BZ_Pyq_fadeIn\">Je <\/span><span class=\"BZ_Pyq_fadeIn\">r\u00e9alise <\/span><span class=\"BZ_Pyq_fadeIn\">un <\/span><span class=\"BZ_Pyq_fadeIn\">premier <\/span><span class=\"BZ_Pyq_fadeIn\">croquis <\/span><span class=\"BZ_Pyq_fadeIn\">de <\/span><span class=\"BZ_Pyq_fadeIn\">la <\/span><span class=\"BZ_Pyq_fadeIn\">fresque<\/span> <span class=\"BZ_Pyq_fadeIn\">afin <\/span><span class=\"BZ_Pyq_fadeIn\">de <\/span><span class=\"BZ_Pyq_fadeIn\">poser <\/span><span class=\"BZ_Pyq_fadeIn\">la <\/span><span class=\"BZ_Pyq_fadeIn\">composition, <\/span><span class=\"BZ_Pyq_fadeIn\">les <\/span><span class=\"BZ_Pyq_fadeIn\">\u00e9l\u00e9ments <\/span><span class=\"BZ_Pyq_fadeIn\">visuels <\/span><span class=\"BZ_Pyq_fadeIn\">et <\/span><span class=\"BZ_Pyq_fadeIn\">le <\/span><span class=\"BZ_Pyq_fadeIn\">style <\/span><span class=\"BZ_Pyq_fadeIn\">graphique. <\/span><span class=\"BZ_Pyq_fadeIn\">Ce <\/span><span class=\"BZ_Pyq_fadeIn\">test <\/span><span class=\"BZ_Pyq_fadeIn\">permet <\/span><span class=\"BZ_Pyq_fadeIn\">d\u2019ajuster <\/span><span class=\"BZ_Pyq_fadeIn\">l\u2019id\u00e9e <\/span><span class=\"BZ_Pyq_fadeIn\">avant <\/span><span class=\"BZ_Pyq_fadeIn\">la <\/span><span class=\"BZ_Pyq_fadeIn\">r\u00e9alisation <\/span><span class=\"BZ_Pyq_fadeIn\">finale.<\/span><\/p>\n<p data-start=\"1508\" data-end=\"1696\"><strong><span class=\"BZ_Pyq_fadeIn\">3. <\/span><span class=\"BZ_Pyq_fadeIn\">R\u00e9alisation <\/span><span class=\"BZ_Pyq_fadeIn\">de <\/span><span class=\"BZ_Pyq_fadeIn\">la <\/span><span class=\"BZ_Pyq_fadeIn\">fresque<\/span><\/strong><br data-start=\"1540\" data-end=\"1543\" \/><span class=\"BZ_Pyq_fadeIn\">Apr\u00e8s <\/span><span class=\"BZ_Pyq_fadeIn\">validation, <\/span><span class=\"BZ_Pyq_fadeIn\">la <\/span><span class=\"BZ_Pyq_fadeIn\">fresque <\/span><span class=\"BZ_Pyq_fadeIn\">est <\/span><span class=\"BZ_Pyq_fadeIn\">peinte <\/span><span class=\"BZ_Pyq_fadeIn\">\u00e0 <\/span><span class=\"BZ_Pyq_fadeIn\">la <\/span><span class=\"BZ_Pyq_fadeIn\">main<\/span><span class=\"BZ_Pyq_fadeIn\">, <\/span><span class=\"BZ_Pyq_fadeIn\">directement <\/span><span class=\"BZ_Pyq_fadeIn\">sur <\/span><span class=\"BZ_Pyq_fadeIn\">le <\/span><span class=\"BZ_Pyq_fadeIn\">support <\/span><span class=\"BZ_Pyq_fadeIn\">choisi : <\/span><span class=\"BZ_Pyq_fadeIn\">mur, <\/span><span class=\"BZ_Pyq_fadeIn\">comptoir, <\/span><span class=\"BZ_Pyq_fadeIn\">panneau, <\/span><span class=\"BZ_Pyq_fadeIn\">toile, <\/span><span class=\"BZ_Pyq_fadeIn\">tissu <\/span><span class=\"BZ_Pyq_fadeIn\">ou <\/span><span class=\"BZ_Pyq_fadeIn\">autre <\/span><span class=\"BZ_Pyq_fadeIn\">surface <\/span><span class=\"BZ_Pyq_fadeIn\">adapt\u00e9e.<\/span><\/p>\n<p data-start=\"1698\" data-end=\"1820\"><span class=\"BZ_Pyq_fadeIn\">Chaque <\/span><span class=\"BZ_Pyq_fadeIn\">projet <\/span><span class=\"BZ_Pyq_fadeIn\">est <\/span><span class=\"BZ_Pyq_fadeIn\">r\u00e9alis\u00e9 <\/span><span class=\"BZ_Pyq_fadeIn\">avec <\/span><span class=\"BZ_Pyq_fadeIn\">soin <\/span><span class=\"BZ_Pyq_fadeIn\">pour <\/span><span class=\"BZ_Pyq_fadeIn\">s\u2019int\u00e9grer <\/span><span class=\"BZ_Pyq_fadeIn\">naturellement <\/span><span class=\"BZ_Pyq_fadeIn\">dans <\/span><span class=\"BZ_Pyq_fadeIn\">l\u2019espace <\/span><span class=\"BZ_Pyq_fadeIn\">et <\/span><span class=\"BZ_Pyq_fadeIn\">cr\u00e9er <\/span><span class=\"BZ_Pyq_fadeIn\">une <\/span><span class=\"BZ_Pyq_fadeIn\">signature <\/span><span class=\"BZ_Pyq_fadeIn\">visuelle <\/span><span class=\"BZ_Pyq_fadeIn\">forte<\/span><span class=\"BZ_Pyq_fadeIn\">.<\/span><\/p>\n<p data-start=\"1822\" data-end=\"1920\"><span class=\"BZ_Pyq_fadeIn\">Les <\/span><span class=\"BZ_Pyq_fadeIn\">fresques <\/span><span class=\"BZ_Pyq_fadeIn\">peuvent <\/span><span class=\"BZ_Pyq_fadeIn\">\u00eatre <\/span><span class=\"BZ_Pyq_fadeIn\">r\u00e9alis\u00e9es <\/span><span class=\"BZ_Pyq_fadeIn\">jusqu\u2019\u00e0 <\/span><span class=\"BZ_Pyq_fadeIn\">10 <\/span><span class=\"BZ_Pyq_fadeIn\">m\u00e8tres <\/span><span class=\"BZ_Pyq_fadeIn\">de <\/span><span class=\"BZ_Pyq_fadeIn\">longueur<\/span><span class=\"BZ_Pyq_fadeIn\">, <\/span><span class=\"BZ_Pyq_fadeIn\">selon <\/span><span class=\"BZ_Pyq_fadeIn\">le <\/span><span class=\"BZ_Pyq_fadeIn\">lieu <\/span><span class=\"BZ_Pyq_fadeIn\">et <\/span><span class=\"BZ_Pyq_fadeIn\">le <\/span><span class=\"BZ_Pyq_fadeIn\">projet.<\/span><\/p>\n<p>&nbsp;<\/p>\n<p>&nbsp;<\/p>\n<p data-start=\"1822\" data-end=\"1920\"><span class=\"BZ_Pyq_fadeIn\">\u00a0<\/span><\/p>\n","protected":false},"excerpt":{"rendered":"<p data-start=\"220\" data-end=\"242\"><span class=\"BZ_Pyq_fadeIn\">Fresque <\/span><span class=\"BZ_Pyq_fadeIn\">sur <\/span><span class=\"BZ_Pyq_fadeIn\">mesure<\/span><\/p>\n<p data-start=\"244\" data-end=\"635\"><span class=\"BZ_Pyq_fadeIn\">Je <\/span><span class=\"BZ_Pyq_fadeIn\">r\u00e9alise <\/span><span class=\"BZ_Pyq_fadeIn\">des <\/span><span class=\"BZ_Pyq_fadeIn\">fresques <\/span><span class=\"BZ_Pyq_fadeIn\">artistiques <\/span><span class=\"BZ_Pyq_fadeIn\">personnalis\u00e9es <\/span><span class=\"BZ_Pyq_fadeIn\">pour <\/span><span class=\"BZ_Pyq_fadeIn\">restaurants, <\/span><span class=\"BZ_Pyq_fadeIn\">commerces <\/span><span class=\"BZ_Pyq_fadeIn\">ou <\/span><span class=\"BZ_Pyq_fadeIn\">lieux <\/span><span class=\"BZ_Pyq_fadeIn\">de <\/span><span class=\"BZ_Pyq_fadeIn\">vie. <\/span><span class=\"BZ_Pyq_fadeIn\">Chaque <\/span><span class=\"BZ_Pyq_fadeIn\">projet <\/span><span class=\"BZ_Pyq_fadeIn\">commence <\/span><span class=\"BZ_Pyq_fadeIn\">par <\/span><span class=\"BZ_Pyq_fadeIn\">une <\/span><span class=\"BZ_Pyq_fadeIn\">prise <\/span><span class=\"BZ_Pyq_fadeIn\">de <\/span><span class=\"BZ_Pyq_fadeIn\">brief <\/span><span class=\"BZ_Pyq_fadeIn\">afin <\/span><span class=\"BZ_Pyq_fadeIn\">de <\/span><span class=\"BZ_Pyq_fadeIn\">comprendre <\/span><span class=\"BZ_Pyq_fadeIn\">l\u2019univers <\/span><span class=\"BZ_Pyq_fadeIn\">du <\/span><span class=\"BZ_Pyq_fadeIn\">lieu, <\/span><span class=\"BZ_Pyq_fadeIn\">suivie <\/span><span class=\"BZ_Pyq_fadeIn\">d\u2019une <\/span><span class=\"BZ_Pyq_fadeIn\">proposition <\/span><span class=\"BZ_Pyq_fadeIn\">de <\/span><span class=\"BZ_Pyq_fadeIn\">croquis. <\/span><span class=\"BZ_Pyq_fadeIn\">Apr\u00e8s <\/span><span class=\"BZ_Pyq_fadeIn\">validation, <\/span><span class=\"BZ_Pyq_fadeIn\">la <\/span><span class=\"BZ_Pyq_fadeIn\">fresque <\/span><span class=\"BZ_Pyq_fadeIn\">est <\/span><span class=\"BZ_Pyq_fadeIn\">r\u00e9alis\u00e9e <\/span><span class=\"BZ_Pyq_fadeIn\">\u00e0 <\/span><span class=\"BZ_Pyq_fadeIn\">la <\/span><span class=\"BZ_Pyq_fadeIn\">main <\/span><span class=\"BZ_Pyq_fadeIn\">sur <\/span><span class=\"BZ_Pyq_fadeIn\">le <\/span><span class=\"BZ_Pyq_fadeIn\">support <\/span><span class=\"BZ_Pyq_fadeIn\">choisi (<\/span><span class=\"BZ_Pyq_fadeIn\">mur, <\/span><span class=\"BZ_Pyq_fadeIn\">comptoir, <\/span><span class=\"BZ_Pyq_fadeIn\">panneau, <\/span><span class=\"BZ_Pyq_fadeIn\">tissu\u2026), <\/span><span class=\"BZ_Pyq_fadeIn\">pour <\/span><span class=\"BZ_Pyq_fadeIn\">une <\/span><span class=\"BZ_Pyq_fadeIn\">\u0153uvre <\/span><span class=\"BZ_Pyq_fadeIn\">unique <\/span><span class=\"BZ_Pyq_fadeIn\">pouvant <\/span><span class=\"BZ_Pyq_fadeIn\">aller <\/span><span class=\"BZ_Pyq_fadeIn\">jusqu\u2019\u00e0 <\/span><span class=\"BZ_Pyq_fadeIn\">10 <\/span><span class=\"BZ_Pyq_fadeIn\">m\u00e8tres <\/span><span class=\"BZ_Pyq_fadeIn\">de <\/span><span class=\"BZ_Pyq_fadeIn\">long<\/span><span class=\"BZ_Pyq_fadeIn\">.<br \/>\nSi vous avez un budget pr\u00e9cis, n\u2019h\u00e9sitez pas \u00e0 me le partager : je m\u2019adapte toujours quand c\u2019est possible.<br \/>\n<\/span><\/p>\n[wpforms id=\"431\" title=\"true\"]\n","protected":false},"featured_media":424,"template":"","meta":[],"product_brand":[],"product_cat":[21],"product_tag":[],"class_list":{"0":"post-423","1":"product","2":"type-product","3":"status-publish","4":"has-post-thumbnail","6":"product_cat-prestations","8":"first","9":"instock","10":"shipping-taxable","11":"product-type-simple"},"jetpack_sharing_enabled":true,"_links":{"self":[{"href":"https:\/\/melissaleite.fr\/index.php?rest_route=\/wp\/v2\/product\/423","targetHints":{"allow":["GET"]}}],"collection":[{"href":"https:\/\/melissaleite.fr\/index.php?rest_route=\/wp\/v2\/product"}],"about":[{"href":"https:\/\/melissaleite.fr\/index.php?rest_route=\/wp\/v2\/types\/product"}],"wp:featuredmedia":[{"embeddable":true,"href":"https:\/\/melissaleite.fr\/index.php?rest_route=\/wp\/v2\/media\/424"}],"wp:attachment":[{"href":"https:\/\/melissaleite.fr\/index.php?rest_route=%2Fwp%2Fv2%2Fmedia&parent=423"}],"wp:term":[{"taxonomy":"product_brand","embeddable":true,"href":"https:\/\/melissaleite.fr\/index.php?rest_route=%2Fwp%2Fv2%2Fproduct_brand&post=423"},{"taxonomy":"product_cat","embeddable":true,"href":"https:\/\/melissaleite.fr\/index.php?rest_route=%2Fwp%2Fv2%2Fproduct_cat&post=423"},{"taxonomy":"product_tag","embeddable":true,"href":"https:\/\/melissaleite.fr\/index.php?rest_route=%2Fwp%2Fv2%2Fproduct_tag&post=423"}],"curies":[{"name":"wp","href":"https:\/\/api.w.org\/{rel}","templated":true}]}}